mmon factor of b and s.
1
Let c(x) = 102*x - 497. Let z be c(5). Calculate the highest common divisor of z and 169.
13
Let m = -1870 - -2935. What is the highest common factor of m and 15?
15
Let p = 1124 - 662. What is the highest common divisor of 126 and p?
42
Suppose 0 = v + v. Suppose v = 2*m - 6*m - 36. Let q = m + 13. What is the highest common factor of q and 16?
4
Suppose 3*r = -0*r + 15. Suppose 0*b = -3*b + 3*v, 40 = 5*b + r*v. Let a be 14 + 4/(-2) + 0. What is the highest common divisor of b and a?
4
Let p(t) = 6*t**2 - 29*t + 45. Let z be p(18). Let a be 1/(-2)*2 + -3. Let h be z/135 + a/(-30). What is the greatest common factor of h and 22?
11
Let w(n) = 5*n**2 + 24*n - 138. Let g be w(7). What is the highest common divisor of 11 and g?
11
Suppose 2*d = -11*z + 16*z + 117, z = 3. Calculate the highest common divisor of d and 22.
22
Let x = -39 - -47. Suppose -5*j + 3*j + 4 = 0, g - j = 18. Calculate the greatest common divisor of g and x.
4
Let t(x) = x**2 - 10. Let p be t(-5). Let k be 56/10 + (-33)/55. Suppose 2*y - 5 = k*c, -5*y - c + 55 = -5*c. What is the highest common factor of p and y?
15
Suppose 0 = -4*x + 2*x + 96. Calculate the highest common divisor of x and 156.
12
Let o(z) = 2*z**3 + 10*z**2 + 2*z + 89. Let q be o(-6). Let f = -1 - -16. Calculate the highest common divisor of q and f.
5
Let y(z) = 2*z**3 + 4*z**2 + 4*z + 2. Let p be y(-2). Let m be (-15 + -1)*(p + 4). What is the greatest common factor of 80 and m?
16
Suppose -3*v - 5*y - 47 = 0, -4*v = -0*v - 3*y + 24. Let p be 16*1 - (-27)/v. Calculate the highest common factor of 52 and p.
13
Suppose 373*v - 385*v + 384 = 0. What is the highest common divisor of v and 656?
16
Let o = -362 + 426. Calculate the greatest common divisor of 48 and o.
16
Let a(p) = -8*p - 58. Let v be a(-19). Let d be (-3)/(15/20) + v. Calculate the highest common factor of 15 and d.
15
Let o = 30 - 243. Let i = o + 304. Calculate the highest common factor of 13 and i.
13
Let m be (1540/(-33))/((-2)/3). Calculate the greatest common factor of m and 70.
70
Let t be 5/(-2)*(-7)/((-77)/(-22)). What is the highest common divisor of t and 505?
5
Suppose 6*y - 20 = 106. Let n(k) = k**3 - 22*k**2 + 20*k + 28. Let v be n(y). Calculate the highest common factor of 63 and v.
7
Let w be 44/(-6)*702/(-36). Calculate the highest common divisor of w and 11.
11
Let b(q) = 6*q**2 - 65*q + 4. Let f be b(11). What is the greatest common divisor of 12 and f?
3
Suppose -121 = 4*r + 99. Let z be 4/22 - (-10)/r. Suppose z*y + 45 = 5*y. Calculate the greatest common factor of y and 6.
3
Let h(n) = n**2 + n - 2. Let c be h(2). Suppose 0 = -5*j + 5*x + 65, 13 = 2*j + 4*x - 19. Calculate the greatest common divisor of c and j.
2
Suppose -3*m - 26 = -53. Calculate the highest common factor of m and 63.
9
Suppose 4*c + 42 = 5*c. Let p be c/1*(-2)/(-3). Calculate the greatest common divisor of 42 and p.
14
Let w(h) = 4*h**2 - 11*h + 16. Let b be w(9). Suppose -5*y + b - 1 = 0. Calculate the highest common divisor of y and 6.
6
Suppose 3*o + 0 = p - 1, 2*o = 2. Suppose -5*m - 58 = -4*x - p*m, -2*m = -4. What is the highest common factor of x and 10?
5
Let v = -37 - -32. Let o(a) = -a + 10. Let q be o(v). Suppose -r - m = 2*r - q, -r - 5*m - 9 = 0. What is the highest common divisor of r and 66?
6
Let x be 244/16 - 24/(-32). Calculate the greatest common divisor of 24 and x.
8
Suppose -23*r + 28*r + 10 = 0. Let a be r*4/(-8)*5. Suppose 0 = 2*f - 2*y + 6, -21 = 2*f - 3*f - a*y. What is the greatest common factor of 7 and f?
1
Let n(t) = -t**2 - t + 32. Let o be n(0). Let h = o - 17. Let b(z) = -z**2 - 9*z - 4. Let m be b(-7). Calculate the greatest common divisor of m and h.
5
Suppose 0 = t - 3*t. Suppose t*s + s = 3. Suppose s*f - 198 + 36 = 0. What is the greatest common factor of f and 18?
18
Let g(w) = 3*w - 9. Let i be g(7). Let h be (-62)/(-4) + (-2 - i/(-8)). What is the highest common divisor of 75 and h?
15
Let j = -689 - -899. What is the highest common factor of 45 and j?
15
Let d = 17 - 3. Suppose -2*q + 2 = 2*k, 30*k = 33*k - 3*q - 9. What is the highest common factor of d and k?
2
Let o = -1386 + 1671. What is the greatest common divisor of o and 15?
15
Let c(z) = 19 + 5*z - 7 + 2*z. Let h be c(7). Suppose 3*k + k - h = -d, -70 = -5*k + 5*d. What is the highest common factor of k and 150?
15
Let z = -1266 - -1342. What is the greatest common divisor of z and 190?
38
Let u be 61 - (-1 + -5) - -4. What is the greatest common factor of u and 781?
71
Let w = 204 - 188. Let j(i) = 2*i**3 - 4*i**2 + 3*i + 4. Let h be j(4). What is the highest common divisor of w and h?
16
Let b be (14 - 19)/(2 - (-139)/(-69)). What is the highest common divisor of 15 and b?
15
Let z = -113 - -146. Calculate the greatest common factor of 22 and z.
11
Suppose -3*a - 2*j - 558 = 0, -a + 3*j - 147 - 28 = 0. Let d = 105 + a. Let x = d + 149. Calculate the greatest common divisor of 14 and x.
14
Suppose -11*l = -16*l - 5*z + 1985, 0 = -l - 2*z + 398. Calculate the highest common factor of 308 and l.
44
Let r = 0 - -5. Suppose 3*a = 5*d + 61, d = r*a - d - 108. What is the greatest common divisor of 33 and a?
11
Suppose -3*z - 41*m + 3671 = -40*m, -5*m - 2470 = -2*z. Calculate the greatest common factor of 50 and z.
25
Let o = 679 - 371. What is the highest common divisor of o and 231?
77
Suppose -5*x + 3*f + 525 = 0, 2*x - 6*f - 236 = -10*f. Calculate the greatest common factor of 63 and x.
9
Let u be 37467/12 + (-9 - (-210)/24). What is the highest common divisor of 14 and u?
14
Let b be (-86)/(-30) + -3 + (-386791)/(-345). Calculate the greatest common divisor of b and 19.
19
Let s(i) = -i**3 - 18*i**2 + 89*i + 43. Let c be s(-22). Calculate the greatest common factor of c and 28.
7
Let j = 166 + -112. Calculate the greatest common factor of j and 6.
6
Let x(j) = -j**2 - 32*j + 2916. Let w be x(0). Calculate the greatest common divisor of w and 108.
108
Let r be ((-10)/(-3))/(2/39). Let o(n) = -2*n + 33. Let h be o(10). Calculate the highest common factor of h and r.
13
Let h be 0/3 + 1 + 66. Suppose 2*x - 3*x = -48. Let c = h - x. What is the highest common divisor of 19 and c?
19
Let j = 1090 - 1082. Calculate the highest common divisor of j and 376.
8
Let c be (-3 + 1)/((-4)/4). Let f be (0 + c)/(4/(-6)). Let a(k) = -k**2 - 5*k - 2. Let z be a(f). Calculate the highest common factor of 12 and z.
4
Suppose 2*i + 26 - 4 = k, -4*k - 3*i + 110 = 0. Suppose -73*l = -78*l - 2*m + 191, 0 = -5*l + m + 197. What is the highest common divisor of l and k?
13
Let y = 83 - 55. Let t = 33 - y. What is the highest common factor of 40 and t?
5
Let j be 0 - (-1 - 8/4). Let w be ((2 - j)*1)/(-1). Let u(c) = 2*c - 3. Let x be u(2). What is the greatest common divisor of x and w?
1
Suppose -24 = -2*u + 20. Calculate the highest common divisor of 143 and u.
11
Let h = -412 - -692. Calculate the greatest common divisor of h and 35.
35
Suppose 22 = 3*s - q - 30, -3*q = 4*s - 78. Calculate the greatest common factor of s and 1062.
18
Suppose -4*g = -5*z - 388, g - 4*z = 6*g - 444. Suppose p + 9 = 5*i - 225, 4*i - 172 = -3*p. What is the highest common factor of i and g?
46
Let d(y) = y**2 + 2*y - 5. Suppose x + k + 11 = 3*k, 5*k - 24 = 2*x. Let u be d(x). What is the greatest common factor of u and 10?
10
Suppose h = -0*h + 3*d - 11, 5*h - 30 = -2*d. Suppose 243 = 5*j + h*j. Calculate the greatest common factor of j and 216.
27
Suppose 16*h = 36*h - 2220. What is the highest common divisor of 3 and h?
3
Let j(n) = 29*n - 495. Let m be j(40). What is the greatest common factor of 380 and m?
95
Let v be 3/5*(6/(-9) + (-608)/(-12)). Let w be 4/3*90/4. What is the highest common factor of v and w?
30
Let c be 242/14 - 6/21. Let j be 85/(-2)*(-7 - -5). What is the greatest common divisor of c and j?
17
Suppose 15 = 9*a - 30. Suppose 0 = o - 0*o - a*m + 11, -4*o = -3*m - 7. What is the highest common divisor of 28 and o?
4
Let q = -58 + 60. Suppose -118 = -q*z + r, 0 = -5*z + 4*r + 129 + 172. Calculate the greatest common divisor of z and 19.
19
Let b = 7 - 1. Let f be (-72)/16*(-4)/b. Suppose -5*h - 5*l + 25 = 0, -4*l + 2 = -f*h + 24. Calculate the highest common factor of 42 and h.
6
Suppose 3*c - 8 = 1. Let i be ((-36)/(-8) - c)*178. Suppose i - 87